lculate the greatest common factor of j and l.
12
Let k(i) = -i**2 - 9*i + 4. Let u be k(-7). What is the highest common factor of 90 and u?
18
Let g(d) = -3*d + 4. Let s be g(-3). Suppose b - 154 + 11 = 0. Calculate the greatest common factor of s and b.
13
Let b(i) = i**3 + 4*i**2 + i + 4. Let n be b(-3). Suppose -3*g = 2*g + 30. Let u be (9/g)/(6/(-40)). Calculate the highest common divisor of u and n.
10
Let g be 2 + (1 - 3) + 16. Calculate the highest common divisor of g and 4.
4
Let z(f) = f**3 - 15*f**2 - 15*f - 13. Let r be z(16). Calculate the greatest common factor of 9 and r.
3
Suppose 42 = 4*w - 5*t, -5*t + t - 18 = -2*w. Calculate the greatest common divisor of 65 and w.
13
Suppose f - 7 = -5*i, 0 = -2*f - i + 2*i + 3. Suppose 22 + 4 = f*p. Calculate the greatest common factor of p and 143.
13
Let d = -26 + 30. Calculate the greatest common divisor of d and 16.
4
Let r(i) = i**3 + 8*i**2 - 9*i + 3. Let s be r(-9). Calculate the greatest common divisor of s and 3.
3
Let j = 14 + 4. What is the greatest common factor of 162 and j?
18
Let n = 18 - 13. Suppose 0 = n*l + 14 - 44. Calculate the greatest common divisor of 2 and l.
2
Let k(u) be the third derivative of u**4/8 - u**3/6 - u**2. Let x be k(1). Let n be (5 - 4)*x*8. What is the greatest common factor of 176 and n?
16
Let d = -8 - -6. Let g be 124/6 - d/(-3). Calculate the highest common factor of g and 40.
20
Let p be 1*13/1 + -2. Let i(d) = 2*d + 55. Let z be i(0). Calculate the greatest common divisor of z and p.
11
Suppose 39 + 15 = 3*j. Suppose t + j = 3*t. What is the greatest common factor of 45 and t?
9
Let h be (-1 + -1 + -2)/(8/(-100)). Calculate the highest common divisor of 10 and h.
10
Let m = 91 - 25. Calculate the greatest common divisor of m and 6.
6
Let y(j) = -j**3 + 4*j**2 - 2*j + 3. Let b be y(2). Calculate the greatest common divisor of 77 and b.
7
Let m be -1 - -1 - (0 + -8). What is the highest common divisor of 2 and m?
2
Let u(d) = d + 15. Let k be u(-12). Suppose -3*j + 15 = 2*x + x, -9 = k*x. Calculate the greatest common factor of 4 and j.
4
Let h be (6 - (7 + -260))/(1/1). Calculate the greatest common divisor of 37 and h.
37
Suppose -4*k + 490 = k. What is the highest common factor of k and 42?
14
Suppose 0 = -4*t - 2*r - 2*r + 44, t = 5*r - 7. Let w = 42 + -30. Calculate the greatest common factor of t and w.
4
Let y = -4 + 4. Let x be y + 0 - (4 + -8). Suppose 20 = p + 3*p - x*k, 0 = -3*k - 12. Calculate the highest common factor of p and 1.
1
Suppose 8 = -4*c, 0 = 4*t - 3*c - 179 + 5. Calculate the greatest common factor of t and 28.
14
Let f = 22 + 198. What is the highest common factor of 20 and f?
20
Suppose 420 + 196 = 7*q. Let g = -5 - -13. Calculate the highest common factor of q and g.
8
Suppose 7 = -4*u + 19. Let h = u + 6. What is the highest common factor of h and 9?
9
Let k(f) = -f + 1. Let b be k(-6). Let c = b - 5. Let m be (16/3)/(c/18). Calculate the highest common factor of 12 and m.
12
Let r(d) = -d**3 + 3*d**2 + 3*d - 2. Let p be r(3). Calculate the highest common factor of p and 70.
7
Suppose -l + 16 = 2*m, 5*l + 32 = 4*m + l. Let z be 10/m*4*1. Suppose 0 = 5*b - 4*b - 1. What is the greatest common divisor of z and b?
1
Let v(o) = o. Let y(b) = 5*b - 1. Let j(r) = -2*v(r) + 2*y(r). Let w be j(2). What is the greatest common factor of 7 and w?
7
Let q(k) = k + 3. Let v be q(-5). Let d be (-5 + 2)*v/6. Suppose -3*g = -0*g - 21. Calculate the greatest common divisor of d and g.
1
Suppose -8 = -j + 2. Suppose -2*l - 5*u - 35 = -6*l, -5*l + 4*u + 55 = 0. What is the greatest common factor of j and l?
5
Let u = 12 + -6. Suppose -5*m = u*v - v - 110, v - 42 = 4*m. Calculate the highest common factor of v and 52.
26
Let m = -4 + 8. Calculate the greatest common divisor of 36 and m.
4
Suppose 3*c + c - 40 = 0. What is the highest common divisor of c and 40?
10
Let h be 1 - (10*-4 + -3). Suppose -2*x + 3*k + 24 = 0, 0 = 4*x - 0*x - 5*k - h. What is the greatest common factor of 3 and x?
3
Suppose -5*s = -15, -s + 12 = -3*h - 3. Let q = -2 - h. Suppose -3 = 4*r - 19. Calculate the highest common factor of q and r.
2
Let x be 119/3 + (-8)/(-6) + -1. Let n be (-2)/(-3) + 140/15. What is the greatest common factor of x and n?
10
Let n(m) = m + 14. Let b be n(-6). Calculate the highest common divisor of 64 and b.
8
Let z be (0 + -1)*(-14 + 8). Let b = z - 1. Calculate the highest common divisor of 15 and b.
5
Let g = -4 - -17. Let k(l) = -2 + 35*l + 109*l + 1. Let q be k(1). Calculate the greatest common divisor of q and g.
13
Let o = -42 + 59. Let v = -9 + o. What is the highest common factor of 72 and v?
8
Let w = -153 - -263. What is the greatest common factor of w and 22?
22
Let t(d) = -d + 1. Let h(o) = o**2 - 9*o + 8. Let g be -7*((-1 - 0) + 0). Let c be h(g). Let w be t(c). What is the greatest common factor of w and 56?
7
Let d be 3*-1 + (-2)/((-22)/55). Calculate the greatest common factor of 16 and d.
2
Let o be 18/8*1*8. Let y be (1/(-2))/((-3)/(-18)). Let z = y - -9. Calculate the highest common divisor of z and o.
6
Suppose 0 = k - 3*l - 36, -5*k = -5*l - 113 - 17. Calculate the greatest common divisor of k and 84.
21
Let i(m) = m**2 - m - 3. Let d be i(-5). Calculate the highest common factor of d and 3.
3
Let c be 6*(-2 + 3)/2. Suppose 4*v - c*t - 94 = -t, 0 = -5*v - 3*t + 123. What is the greatest common factor of v and 96?
24
Let g = 3 - -1. Suppose -3*r = -40 + g. What is the greatest common divisor of 132 and r?
12
Let m be 2/(-7) - (-312)/14. Let k be (1 + -13)*(-12 - -10). Let r = -13 + k. Calculate the highest common divisor of m and r.
11
Let b(y) = 5*y**2. Let m be b(1). Calculate the greatest common factor of 5 and m.
5
Let j(u) = u**2 - 15*u + 2. Let v be j(15). Suppose 6*m - v*m = 44. Calculate the highest common divisor of 121 and m.
11
Suppose -2*h + 0 = -8. Suppose c = h + 5. Let o(j) = 3*j**2 + 3*j + 3. Let r be o(4). Calculate the highest common divisor of r and c.
9
Let o be 5*(-5)/(50/24). Let g = 24 + o. Suppose 2*w - 37 = -n - 15, -3*n = 4*w - 74. Calculate the highest common factor of g and n.
6
Let p be (18 - 0)*(-8)/6. Let d = 68 + p. Calculate the highest common factor of 4 and d.
4
Let w be (-1*2 - -10)/((-1)/(-2)). Calculate the greatest common divisor of 2 and w.
2
Suppose -5 = g, g - 46 = -k - 0*k. What is the highest common factor of 17 and k?
17
Let r = 2 - -1. Let s(c) = 5 - 4*c**2 + 0*c - c**3 - c - 2 + 0. Let k be s(-5). What is the highest common divisor of k and r?
3
Suppose 0 = 5*a + 3*m - 256, -4*a - a + 2*m + 246 = 0. Let s be (-3*(-40)/6)/((-27)/(-27)). Calculate the greatest common divisor of s and a.
10
Suppose -5*r + 20 + 15 = 0. Calculate the greatest common factor of r and 21.
7
Let v = 125 + -80. What is the highest common factor of v and 5?
5
Let r = -36 - -108. Let x be (-2)/9 - (-194)/(-18). Let j = x + 19. Calculate the highest common factor of j and r.
8
Suppose p - 5*z - 461 = -3*z, -4*p = -3*z - 1859. Suppose -3*i = 5 - p. Calculate the highest common divisor of i and 14.
14
Let l(j) = j + 9. Let d be l(-7). Suppose -5*h - d*s + 63 = -15, -3*h = s - 46. What is the greatest common divisor of h and 14?
14
Suppose 5 + 25 = 5*g. Let j = -31 - -53. Let u = j + -13. Calculate the highest common divisor of u and g.
3
Let f(v) = v**2 + v - 5. Let p be f(4). Calculate the greatest common divisor of p and 6.
3
Suppose 3*i = 5 + 31. Suppose 3*p = 5*p - i. What is the greatest common factor of 6 and p?
6
Let p(r) = -1 + r + 1 + 2. Let k be p(4). Let h = k + 6. What is the greatest common divisor of h and 18?
6
Let u(n) = -n + 2. Let p be u(-4). Let h be (-2)/p + (-335)/(-15). What is the highest common factor of h and 2?
2
Let q = 25 + -15. Suppose 3*k - k - 138 = 0. Suppose 3*n + 5*y - 80 = 0, 4*y = -4*n + k + 43. Calculate the greatest common factor of q and n.
10
Suppose 48 = w - 0*w. What is the greatest common divisor of 12 and w?
12
Let g = -3 + 80. Calculate the greatest common factor of 11 and g.
11
Let v = 28 - 17. Suppose 5*k - 30 = -25. Calculate the greatest common factor of k and v.
1
Suppose 5*z + 7 = 3*u - 9, -5*z = 3*u + 4. Suppose x = 0, u*x - 47 - 205 = -4*s. Calculate the greatest common factor of 9 and s.
9
Let k be (-102)/(-6) - (-1)/(-1). Let s = k + -2. Wh